{"id":1263,"date":"2024-02-17T08:47:42","date_gmt":"2024-02-17T13:47:42","guid":{"rendered":"https:\/\/www.investigonypreguntina.appcotecnova.es\/?page_id=1263"},"modified":"2025-01-28T10:46:50","modified_gmt":"2025-01-28T15:46:50","slug":"proyectos-2023","status":"publish","type":"page","link":"https:\/\/www.investigonypreguntina.appcotecnova.es\/index.php\/proyectos-2023\/","title":{"rendered":"Proyectos 2023"},"content":{"rendered":"<div id='layer_slider_1' class='avia-layerslider main_color avia-shadow  container_wrap fullsize'    style='height: 401px;' ><\/div>\n<div style='padding-bottom:10px; color:#d83934;' class='av-special-heading av-special-heading-h3 custom-color-heading blockquote modern-quote modern-centered   '><h3 class='av-special-heading-tag '  itemprop=\"headline\"  >Instituci\u00f3n Educativa Sor Mar\u00eda Juliana<\/h3><div class='special-heading-border'><div class='special-heading-inner-border' style='border-color:#d83934'><\/div><\/div><\/div>\n<section class=\"av_textblock_section \"  itemscope=\"itemscope\" itemtype=\"https:\/\/schema.org\/CreativeWork\" ><div class='avia_textblock  '   itemprop=\"text\" ><p>La Instituci\u00f3n educativa Sor Mar\u00eda Juliana inicio su participaci\u00f3n este a\u00f1o con 32 estudiantes de la jornada de la ma\u00f1ana de los grados 7, 8, 9 y 10 . Los ni\u00f1os, ni\u00f1as y j\u00f3venes que ingresaron al programa de Investig\u00f3n y Preguntina est\u00e1n construyendo sus proyectos de investigaci\u00f3n desde los grupos de trabajo en donde definieron su plan estrat\u00e9gico, la pregunta de investigaci\u00f3n y se encuentran en la fase de desarrollo. A continuaci\u00f3n se presentan los proyectos seleccionados:<\/p>\n<\/div><\/section>\n<div class='av-horizontal-gallery av-horizontal-gallery-large-gap av-horizontal-gallery-enlarge-effect av-horizontal-gallery-1  av-control-default '  itemprop=\"ImageObject\" itemscope=\"itemscope\" itemtype=\"https:\/\/schema.org\/ImageObject\"  style='padding: 2.25% 0px;' data-av-enlarge='1.3'  ><div class='avia-slideshow-arrows avia-slideshow-controls'><a href='#prev' class='prev-slide av-horizontal-gallery-prev' aria-hidden='true' data-av_icon='\ue87c' data-av_iconfont='entypo-fontello'>Anterior<\/a><a href='#next' class='next-slide av-horizontal-gallery-next' aria-hidden='true' data-av_icon='\ue87d' data-av_iconfont='entypo-fontello'>Posterior<\/a><\/div><div class='av-horizontal-gallery-inner' style='padding-bottom:15%' data-av-height='15'><div class='av-horizontal-gallery-slider'><div class='av-horizontal-gallery-wrap noHover'><img class='av-horizontal-gallery-img' width='845' height='684' src='https:\/\/www.investigonypreguntina.appcotecnova.es\/wp-content\/uploads\/2024\/02\/20230323_152629-845x684.jpg' title='20230323_152629' alt='' \/><a href='https:\/\/www.investigonypreguntina.appcotecnova.es\/wp-content\/uploads\/2024\/02\/20230323_152629-1030x579.jpg'  class='av-horizontal-gallery-link' aria-hidden='true' data-av_icon='\ue869' data-av_iconfont='entypo-fontello' title='20230323_152629'><\/a><\/div><div class='av-horizontal-gallery-wrap noHover'><img class='av-horizontal-gallery-img' width='845' height='684' src='https:\/\/www.investigonypreguntina.appcotecnova.es\/wp-content\/uploads\/2024\/02\/20230323_152146-845x684.jpg' title='20230323_152146' alt='' \/><a href='https:\/\/www.investigonypreguntina.appcotecnova.es\/wp-content\/uploads\/2024\/02\/20230323_152146-1030x579.jpg'  class='av-horizontal-gallery-link' aria-hidden='true' data-av_icon='\ue869' data-av_iconfont='entypo-fontello' title='20230323_152146'><\/a><\/div><div class='av-horizontal-gallery-wrap noHover'><img class='av-horizontal-gallery-img' width='845' height='684' src='https:\/\/www.investigonypreguntina.appcotecnova.es\/wp-content\/uploads\/2024\/02\/20230323_151909-845x684.jpg' title='20230323_151909' alt='' \/><a href='https:\/\/www.investigonypreguntina.appcotecnova.es\/wp-content\/uploads\/2024\/02\/20230323_151909-1030x579.jpg'  class='av-horizontal-gallery-link' aria-hidden='true' data-av_icon='\ue869' data-av_iconfont='entypo-fontello' title='20230323_151909'><\/a><\/div><div class='av-horizontal-gallery-wrap noHover'><img class='av-horizontal-gallery-img' width='845' height='684' src='https:\/\/www.investigonypreguntina.appcotecnova.es\/wp-content\/uploads\/2024\/02\/20230316_162958-845x684.jpg' title='20230316_162958' alt='' \/><a href='https:\/\/www.investigonypreguntina.appcotecnova.es\/wp-content\/uploads\/2024\/02\/20230316_162958-1030x579.jpg'  class='av-horizontal-gallery-link' aria-hidden='true' data-av_icon='\ue869' data-av_iconfont='entypo-fontello' title='20230316_162958'><\/a><\/div><div class='av-horizontal-gallery-wrap noHover'><img class='av-horizontal-gallery-img' width='845' height='684' src='https:\/\/www.investigonypreguntina.appcotecnova.es\/wp-content\/uploads\/2024\/02\/20230302_152843-845x684.jpg' title='20230302_152843' alt='' \/><a href='https:\/\/www.investigonypreguntina.appcotecnova.es\/wp-content\/uploads\/2024\/02\/20230302_152843-1030x579.jpg'  class='av-horizontal-gallery-link' aria-hidden='true' data-av_icon='\ue869' data-av_iconfont='entypo-fontello' title='20230302_152843'><\/a><\/div><div class='av-horizontal-gallery-wrap noHover'><img class='av-horizontal-gallery-img' width='845' height='684' src='https:\/\/www.investigonypreguntina.appcotecnova.es\/wp-content\/uploads\/2024\/02\/20230302_152532-1-845x684.jpg' title='20230302_152532 (1)' alt='' \/><a href='https:\/\/www.investigonypreguntina.appcotecnova.es\/wp-content\/uploads\/2024\/02\/20230302_152532-1-1030x579.jpg'  class='av-horizontal-gallery-link' aria-hidden='true' data-av_icon='\ue869' data-av_iconfont='entypo-fontello' title='20230302_152532 (1)'><\/a><\/div><div class='av-horizontal-gallery-wrap noHover'><img class='av-horizontal-gallery-img' width='845' height='684' src='https:\/\/www.investigonypreguntina.appcotecnova.es\/wp-content\/uploads\/2024\/02\/20230302_151952-845x684.jpg' title='20230302_151952' alt='' \/><a href='https:\/\/www.investigonypreguntina.appcotecnova.es\/wp-content\/uploads\/2024\/02\/20230302_151952-1030x579.jpg'  class='av-horizontal-gallery-link' aria-hidden='true' data-av_icon='\ue869' data-av_iconfont='entypo-fontello' title='20230302_151952'><\/a><\/div><div class='av-horizontal-gallery-wrap noHover'><img class='av-horizontal-gallery-img' width='845' height='684' src='https:\/\/www.investigonypreguntina.appcotecnova.es\/wp-content\/uploads\/2024\/02\/20230223_163820-845x684.jpg' title='20230223_163820' alt='' \/><a href='https:\/\/www.investigonypreguntina.appcotecnova.es\/wp-content\/uploads\/2024\/02\/20230223_163820-1030x579.jpg'  class='av-horizontal-gallery-link' aria-hidden='true' data-av_icon='\ue869' data-av_iconfont='entypo-fontello' title='20230223_163820'><\/a><\/div><div class='av-horizontal-gallery-wrap noHover'><img class='av-horizontal-gallery-img' width='845' height='684' src='https:\/\/www.investigonypreguntina.appcotecnova.es\/wp-content\/uploads\/2023\/10\/20230518_153759-845x684.jpg' title='20230518_153759' alt='' \/><a href='https:\/\/www.investigonypreguntina.appcotecnova.es\/wp-content\/uploads\/2023\/10\/20230518_153759-1030x579.jpg'  class='av-horizontal-gallery-link' aria-hidden='true' data-av_icon='\ue869' data-av_iconfont='entypo-fontello' title='20230518_153759'><\/a><\/div><\/div><\/div><\/div>\n<\/div><\/div><\/div><!-- close content main div --><\/div><\/div><div id='av_section_1' class='avia-section main_color avia-section-default avia-no-border-styling avia-bg-style-scroll   av-arrow-down-section av-minimum-height av-minimum-height-25 container_wrap fullsize' style = 'background-repeat: no-repeat; background-image: url(https:\/\/www.investigonypreguntina.appcotecnova.es\/wp-content\/uploads\/2016\/11\/pie.png);background-attachment: scroll; background-position: bottom center; ' data-section-bg-repeat='no-repeat' ><div class='container' ><div class='template-page content  av-content-full alpha units'><div class='post-entry post-entry-type-page post-entry-1263'><div class='entry-content-wrapper clearfix'>\n<div class=\"flex_column av_one_third  flex_column_div av-zero-column-padding first  \" style='border-radius:0px; '><article class=\"iconbox iconbox_top main_color    \"  itemscope=\"itemscope\" itemtype=\"https:\/\/schema.org\/CreativeWork\" ><div class=\"iconbox_content\"><header class=\"entry-content-header\"><div class=\"iconbox_icon heading-color \" aria-hidden='true' data-av_icon='\ue83a' data-av_iconfont='entypo-fontello'  ><\/div><h3 class='iconbox_content_title '  itemprop=\"headline\"  ><a href='https:\/\/www.investigonypreguntina.appcotecnova.es\/smj\/index.php\/psychotech\/' title='Psychotech'  target=\"_blank\"  >Psychotech<\/a><\/h3><\/header><div class='iconbox_content_container  '  itemprop=\"text\"  ><p style=\"text-align: center;\"><span style=\"color: #008000;\">\u00bf Cu\u00e1les son efectos psico-sociales de los videojuegos en los j\u00f3venes de 13-17 a\u00f1os en la instituci\u00f3n sor Mar\u00eda Juliana de la ciudad de Cartago?<\/span><\/p>\n<\/div><\/div><footer class=\"entry-footer\"><\/footer><\/article><br \/>\n<article class=\"iconbox iconbox_top main_color    \"  itemscope=\"itemscope\" itemtype=\"https:\/\/schema.org\/CreativeWork\" ><div class=\"iconbox_content\"><header class=\"entry-content-header\"><div class=\"iconbox_icon heading-color \" aria-hidden='true' data-av_icon='\ue803' data-av_iconfont='entypo-fontello'  style='background-color:#4ecac2; ' ><\/div><h3 class='iconbox_content_title '  itemprop=\"headline\"   style='color:#d65799; '><a href='https:\/\/www.investigonypreguntina.appcotecnova.es\/smj\/index.php\/micologia\/' title='Micolog\u00eda'  target=\"_blank\"  >Micolog\u00eda<\/a><\/h3><\/header><div class='iconbox_content_container  '  itemprop=\"text\"  ><p style=\"text-align: center;\"><span style=\"color: #008000;\">\u00bfQu\u00e9 hongos comestibles se pueden encontrar en las diferentes zonas de Cartago Valle y c\u00f3mo se pueden cultivar de manera artificial para asegurar una fuente alimenticia al alcance de cualquier familia?<\/span><\/p>\n<\/div><\/div><footer class=\"entry-footer\"><\/footer><\/article><\/p><\/div><div class=\"flex_column av_one_third  flex_column_div av-zero-column-padding   \" style='border-radius:0px; '><article class=\"iconbox iconbox_top main_color    \"  itemscope=\"itemscope\" itemtype=\"https:\/\/schema.org\/CreativeWork\" ><div class=\"iconbox_content\"><header class=\"entry-content-header\"><div class=\"iconbox_icon heading-color \" aria-hidden='true' data-av_icon='\ue8c2' data-av_iconfont='entypo-fontello'  ><\/div><h3 class='iconbox_content_title '  itemprop=\"headline\"  ><a href='https:\/\/www.investigonypreguntina.appcotecnova.es\/smj\/index.php\/mundo-cordycep\/' title='Cordyceps'  target=\"_blank\"  >Cordyceps<\/a><\/h3><\/header><div class='iconbox_content_container  '  itemprop=\"text\"  ><p style=\"text-align: center;\"><span style=\"color: #008000;\">\u00bfQu\u00e9 impacto tienen los hongos Cordyceps en los ambientes naturales y antropog\u00e9nicos del Municipio de Cartago-Valle del Cauca?<\/span><\/p>\n<\/div><\/div><footer class=\"entry-footer\"><\/footer><\/article><br \/>\n<article class=\"iconbox iconbox_top main_color    \"  itemscope=\"itemscope\" itemtype=\"https:\/\/schema.org\/CreativeWork\" ><div class=\"iconbox_content\"><header class=\"entry-content-header\"><div class=\"iconbox_icon heading-color \" aria-hidden='true' data-av_icon='\ue8b4' data-av_iconfont='entypo-fontello'  style='background-color:#4ecac2; ' ><\/div><h3 class='iconbox_content_title '  itemprop=\"headline\"   style='color:#d65799; '><a href='https:\/\/www.investigonypreguntina.appcotecnova.es\/smj\/index.php\/fragmentados\/' title='Fragmentados'  target=\"_blank\"  >Fragmentados<\/a><\/h3><\/header><div class='iconbox_content_container  '  itemprop=\"text\"  ><p style=\"text-align: center;\"><span style=\"color: #008000;\">\u00bfCu\u00e1les son los factores que producen un tipo de trastorno de personalidad en los j\u00f3venes de la instituci\u00f3n educativa Sor Mar\u00eda Juliana en Cartago Valle?<\/span><\/p>\n<\/div><\/div><footer class=\"entry-footer\"><\/footer><\/article><\/p><\/div><div class=\"flex_column av_one_third  flex_column_div av-zero-column-padding   \" style='border-radius:0px; '><article class=\"iconbox iconbox_top main_color    \"  itemscope=\"itemscope\" itemtype=\"https:\/\/schema.org\/CreativeWork\" ><div class=\"iconbox_content\"><header class=\"entry-content-header\"><div class=\"iconbox_icon heading-color \" aria-hidden='true' data-av_icon='\ue80b' data-av_iconfont='entypo-fontello'  ><\/div><h3 class='iconbox_content_title '  itemprop=\"headline\"  ><a href='https:\/\/www.investigonypreguntina.appcotecnova.es\/smj\/index.php\/psicosports\/' title='Psicosports'  target=\"_blank\"  >Psicosports<\/a><\/h3><\/header><div class='iconbox_content_container  '  itemprop=\"text\"  ><p style=\"text-align: center;\"><span style=\"color: #008000;\">\u00bfQu\u00e9 emociones y pensamientos pueden llegar a afectar el rendimiento de los deportistas?<\/span><\/p>\n<\/div><\/div><footer class=\"entry-footer\"><\/footer><\/article><br \/>\n<article class=\"iconbox iconbox_top main_color    \"  itemscope=\"itemscope\" itemtype=\"https:\/\/schema.org\/CreativeWork\" ><div class=\"iconbox_content\"><header class=\"entry-content-header\"><div class=\"iconbox_icon heading-color \" aria-hidden='true' data-av_icon='\ue8f1' data-av_iconfont='entypo-fontello'  style='background-color:#4ecac2; ' ><\/div><h3 class='iconbox_content_title '  itemprop=\"headline\"   style='color:#d65799; '><a href='https:\/\/www.investigonypreguntina.appcotecnova.es\/smj\/index.php\/nutri-health\/' title='Nutrihealth'  target=\"_blank\"  >Nutrihealth<\/a><\/h3><\/header><div class='iconbox_content_container  '  itemprop=\"text\"  ><p style=\"text-align: center;\"><span style=\"color: #008000;\">\u00bfCu\u00e1les los efectos de la mala nutrici\u00f3n en la salud y el bienestar de las mascotas caninas y felinas en el municipio de Cartago?<\/span><\/p>\n<\/div><\/div><footer class=\"entry-footer\"><\/footer><\/article><\/p><\/div>\n","protected":false},"excerpt":{"rendered":"","protected":false},"author":1001014,"featured_media":1258,"parent":0,"menu_order":0,"comment_status":"closed","ping_status":"closed","template":"","meta":[],"acf":[],"_links":{"self":[{"href":"https:\/\/www.investigonypreguntina.appcotecnova.es\/index.php\/wp-json\/wp\/v2\/pages\/1263"}],"collection":[{"href":"https:\/\/www.investigonypreguntina.appcotecnova.es\/index.php\/wp-json\/wp\/v2\/pages"}],"about":[{"href":"https:\/\/www.investigonypreguntina.appcotecnova.es\/index.php\/wp-json\/wp\/v2\/types\/page"}],"author":[{"embeddable":true,"href":"https:\/\/www.investigonypreguntina.appcotecnova.es\/index.php\/wp-json\/wp\/v2\/users\/1001014"}],"replies":[{"embeddable":true,"href":"https:\/\/www.investigonypreguntina.appcotecnova.es\/index.php\/wp-json\/wp\/v2\/comments?post=1263"}],"version-history":[{"count":12,"href":"https:\/\/www.investigonypreguntina.appcotecnova.es\/index.php\/wp-json\/wp\/v2\/pages\/1263\/revisions"}],"predecessor-version":[{"id":1265,"href":"https:\/\/www.investigonypreguntina.appcotecnova.es\/index.php\/wp-json\/wp\/v2\/pages\/1263\/revisions\/1265"}],"wp:featuredmedia":[{"embeddable":true,"href":"https:\/\/www.investigonypreguntina.appcotecnova.es\/index.php\/wp-json\/wp\/v2\/media\/1258"}],"wp:attachment":[{"href":"https:\/\/www.investigonypreguntina.appcotecnova.es\/index.php\/wp-json\/wp\/v2\/media?parent=1263"}],"curies":[{"name":"wp","href":"https:\/\/api.w.org\/{rel}","templated":true}]}}